

{"id":741,"date":"2023-12-20T09:24:08","date_gmt":"2023-12-20T09:24:08","guid":{"rendered":"https:\/\/shamrock-yachts.pl\/?page_id=741"},"modified":"2023-12-21T21:11:26","modified_gmt":"2023-12-21T21:11:26","slug":"zawody-i-gry-zespolowe","status":"publish","type":"page","link":"https:\/\/shamrock-yachts.pl\/?page_id=741","title":{"rendered":"Zawody i Gry Zespo\u0142owe"},"content":{"rendered":"\t\t<div data-elementor-type=\"wp-page\" data-elementor-id=\"741\" class=\"elementor elementor-741\" data-elementor-post-type=\"page\">\n\t\t\t\t<div class=\"elementor-element elementor-element-624a660d e-con-full e-flex e-con e-parent\" data-id=\"624a660d\" data-element_type=\"container\" data-settings=\"{&quot;background_background&quot;:&quot;classic&quot;}\">\n\t\t\t\t<div class=\"elementor-element elementor-element-705712f8 elementor-widget elementor-widget-heading\" data-id=\"705712f8\" data-element_type=\"widget\" data-widget_type=\"heading.default\">\n\t\t\t\t<div class=\"elementor-widget-container\">\n\t\t\t<h1 class=\"elementor-heading-title elementor-size-default\">Zawody i Gry Zespo\u0142owe<\/h1>\t\t<\/div>\n\t\t\t\t<\/div>\n\t\t\t\t<\/div>\n\t\t<div class=\"elementor-element elementor-element-283a695f e-flex e-con-boxed elementor-invisible e-con e-parent\" data-id=\"283a695f\" data-element_type=\"container\" data-settings=\"{&quot;background_background&quot;:&quot;classic&quot;,&quot;animation&quot;:&quot;fadeInUp&quot;}\">\n\t\t\t\t\t<div class=\"e-con-inner\">\n\t\t\t\t<div class=\"elementor-element elementor-element-be5a8be elementor-widget elementor-widget-heading\" data-id=\"be5a8be\" data-element_type=\"widget\" data-widget_type=\"heading.default\">\n\t\t\t\t<div class=\"elementor-widget-container\">\n\t\t\t<h2 class=\"elementor-heading-title elementor-size-default\">Zawody i Gry Zespo\u0142owe, kt\u00f3re wymagaj\u0105 wsp\u00f3\u0142pracy, komunikacji oraz zacie\u015bniania wi\u0119zi w grupie. Mo\u017cecie wybra\u0107 regaty, turnieje w r\u00f3\u017cnych dyscyplinach sportowych wodnych, czy te\u017c quizy tematyczne. Wszystko to uatrakcyjni wyjazd i pomo\u017ce dobrze si\u0119 bawi\u0107.<\/h2>\t\t<\/div>\n\t\t\t\t<\/div>\n\t\t\t\t\t<\/div>\n\t\t\t\t<\/div>\n\t\t<div class=\"elementor-element elementor-element-5860b587 e-flex e-con-boxed e-con e-parent\" data-id=\"5860b587\" data-element_type=\"container\">\n\t\t\t\t\t<div class=\"e-con-inner\">\n\t\t<div class=\"elementor-element elementor-element-55a42407 e-con-full e-flex elementor-invisible e-con e-child\" data-id=\"55a42407\" data-element_type=\"container\" data-settings=\"{&quot;animation&quot;:&quot;fadeInUp&quot;}\">\n\t\t\t\t<div class=\"elementor-element elementor-element-40bf1aac elementor-widget elementor-widget-heading\" data-id=\"40bf1aac\" data-element_type=\"widget\" data-widget_type=\"heading.default\">\n\t\t\t\t<div class=\"elementor-widget-container\">\n\t\t\t<h2 class=\"elementor-heading-title elementor-size-default\">Regaty<\/h2>\t\t<\/div>\n\t\t\t\t<\/div>\n\t\t\t\t<div class=\"elementor-element elementor-element-8586ea4 elementor-widget elementor-widget-text-editor\" data-id=\"8586ea4\" data-element_type=\"widget\" data-widget_type=\"text-editor.default\">\n\t\t\t\t<div class=\"elementor-widget-container\">\n\t\t\t\t\t\t\t<ol><li><strong>Przygotowanie Jacht\u00f3w:<\/strong><br \/>a. Zadanie dru\u017cynowe polegaj\u0105ce na przygotowaniu i ustawieniu \u017cagli na \u0142odziach.<br \/>b. Wymaga wsp\u00f3\u0142pracy w zespole, aby zoptymalizowa\u0107 ustawienie \u017cagli i osi\u0105gn\u0105\u0107 maksymaln\u0105 pr\u0119dko\u015b\u0107.<\/li><li><strong>Wy\u015bcig \u017beglarski:<\/strong><br \/>a. Organizacja wy\u015bcigu mi\u0119dzy \u0142odziami.<br \/>b. Zawodnicy musz\u0105 skoordynowa\u0107 swoje dzia\u0142ania, dostosowywa\u0107 \u017cagle do warunk\u00f3w atmosferycznych i podejmowa\u0107 strategie taktyczne.<\/li><li><strong>Zadania Nawigacyjne:<\/strong><br \/>a. Zawody obejmuj\u0105ce nawigacj\u0119, gdzie dru\u017cyny musz\u0105 rozwi\u0105zywa\u0107 zagadki nawigacyjne, aby znale\u017a\u0107 w\u0142a\u015bciw\u0105 tras\u0119.<\/li><\/ol>\t\t\t\t\t\t<\/div>\n\t\t\t\t<\/div>\n\t\t\t\t<\/div>\n\t\t<div class=\"elementor-element elementor-element-21a750d9 e-con-full e-flex elementor-invisible e-con e-child\" data-id=\"21a750d9\" data-element_type=\"container\" data-settings=\"{&quot;animation&quot;:&quot;fadeInUp&quot;,&quot;animation_delay&quot;:100}\">\n\t\t\t\t<div class=\"elementor-element elementor-element-705755bf elementor-widget elementor-widget-image\" data-id=\"705755bf\" data-element_type=\"widget\" data-widget_type=\"image.default\">\n\t\t\t\t<div class=\"elementor-widget-container\">\n\t\t\t\t\t\t\t\t\t\t\t\t\t<img fetchpriority=\"high\" decoding=\"async\" width=\"1151\" height=\"728\" src=\"https:\/\/shamrock-yachts.pl\/wp-content\/uploads\/2023\/12\/regaty.jpg\" class=\"attachment-full size-full wp-image-816\" alt=\"\" srcset=\"https:\/\/shamrock-yachts.pl\/wp-content\/uploads\/2023\/12\/regaty.jpg 1151w, https:\/\/shamrock-yachts.pl\/wp-content\/uploads\/2023\/12\/regaty-600x379.jpg 600w, https:\/\/shamrock-yachts.pl\/wp-content\/uploads\/2023\/12\/regaty-300x190.jpg 300w, https:\/\/shamrock-yachts.pl\/wp-content\/uploads\/2023\/12\/regaty-1024x648.jpg 1024w, https:\/\/shamrock-yachts.pl\/wp-content\/uploads\/2023\/12\/regaty-768x486.jpg 768w\" sizes=\"(max-width: 1151px) 100vw, 1151px\" \/>\t\t\t\t\t\t\t\t\t\t\t\t\t<\/div>\n\t\t\t\t<\/div>\n\t\t\t\t<\/div>\n\t\t\t\t\t<\/div>\n\t\t\t\t<\/div>\n\t\t<div class=\"elementor-element elementor-element-2e90e934 e-con-full e-flex elementor-invisible e-con e-parent\" data-id=\"2e90e934\" data-element_type=\"container\" data-settings=\"{&quot;animation&quot;:&quot;fadeInUp&quot;}\">\n\t\t\t\t<div class=\"elementor-element elementor-element-4fd84121 elementor-widget elementor-widget-image\" data-id=\"4fd84121\" data-element_type=\"widget\" data-widget_type=\"image.default\">\n\t\t\t\t<div class=\"elementor-widget-container\">\n\t\t\t\t\t\t\t\t\t\t\t\t\t<img decoding=\"async\" width=\"2000\" height=\"932\" src=\"https:\/\/shamrock-yachts.pl\/wp-content\/uploads\/2023\/12\/ujecie-z-gory-zaglowki.jpg\" class=\"attachment-full size-full wp-image-479\" alt=\"\" srcset=\"https:\/\/shamrock-yachts.pl\/wp-content\/uploads\/2023\/12\/ujecie-z-gory-zaglowki.jpg 2000w, https:\/\/shamrock-yachts.pl\/wp-content\/uploads\/2023\/12\/ujecie-z-gory-zaglowki-600x280.jpg 600w, https:\/\/shamrock-yachts.pl\/wp-content\/uploads\/2023\/12\/ujecie-z-gory-zaglowki-300x140.jpg 300w, https:\/\/shamrock-yachts.pl\/wp-content\/uploads\/2023\/12\/ujecie-z-gory-zaglowki-1024x477.jpg 1024w, https:\/\/shamrock-yachts.pl\/wp-content\/uploads\/2023\/12\/ujecie-z-gory-zaglowki-768x358.jpg 768w, https:\/\/shamrock-yachts.pl\/wp-content\/uploads\/2023\/12\/ujecie-z-gory-zaglowki-1536x716.jpg 1536w\" sizes=\"(max-width: 2000px) 100vw, 2000px\" \/>\t\t\t\t\t\t\t\t\t\t\t\t\t<\/div>\n\t\t\t\t<\/div>\n\t\t\t\t<\/div>\n\t\t<div class=\"elementor-element elementor-element-7448cc71 e-flex e-con-boxed e-con e-parent\" data-id=\"7448cc71\" data-element_type=\"container\">\n\t\t\t\t\t<div class=\"e-con-inner\">\n\t\t<div class=\"elementor-element elementor-element-3bb29fbd e-con-full e-flex elementor-invisible e-con e-child\" data-id=\"3bb29fbd\" data-element_type=\"container\" data-settings=\"{&quot;animation&quot;:&quot;fadeInUp&quot;}\">\n\t\t\t\t<div class=\"elementor-element elementor-element-53f937fc elementor-widget elementor-widget-image\" data-id=\"53f937fc\" data-element_type=\"widget\" data-widget_type=\"image.default\">\n\t\t\t\t<div class=\"elementor-widget-container\">\n\t\t\t\t\t\t\t\t\t\t\t\t\t<img decoding=\"async\" width=\"850\" height=\"728\" src=\"https:\/\/shamrock-yachts.pl\/wp-content\/uploads\/2023\/12\/SUP.jpg\" class=\"attachment-full size-full wp-image-826\" alt=\"\" srcset=\"https:\/\/shamrock-yachts.pl\/wp-content\/uploads\/2023\/12\/SUP.jpg 850w, https:\/\/shamrock-yachts.pl\/wp-content\/uploads\/2023\/12\/SUP-600x514.jpg 600w, https:\/\/shamrock-yachts.pl\/wp-content\/uploads\/2023\/12\/SUP-300x257.jpg 300w, https:\/\/shamrock-yachts.pl\/wp-content\/uploads\/2023\/12\/SUP-768x658.jpg 768w\" sizes=\"(max-width: 850px) 100vw, 850px\" \/>\t\t\t\t\t\t\t\t\t\t\t\t\t<\/div>\n\t\t\t\t<\/div>\n\t\t\t\t<\/div>\n\t\t<div class=\"elementor-element elementor-element-46752f56 e-con-full e-flex elementor-invisible e-con e-child\" data-id=\"46752f56\" data-element_type=\"container\" data-settings=\"{&quot;animation&quot;:&quot;fadeInUp&quot;,&quot;animation_delay&quot;:100}\">\n\t\t\t\t<div class=\"elementor-element elementor-element-1be093be elementor-widget elementor-widget-heading\" data-id=\"1be093be\" data-element_type=\"widget\" data-widget_type=\"heading.default\">\n\t\t\t\t<div class=\"elementor-widget-container\">\n\t\t\t<h2 class=\"elementor-heading-title elementor-size-default\">P\u0142ywanie na Deskach SUP:<\/h2>\t\t<\/div>\n\t\t\t\t<\/div>\n\t\t\t\t<div class=\"elementor-element elementor-element-7fc58799 elementor-widget elementor-widget-text-editor\" data-id=\"7fc58799\" data-element_type=\"widget\" data-widget_type=\"text-editor.default\">\n\t\t\t\t<div class=\"elementor-widget-container\">\n\t\t\t\t\t\t\t<ol><li><strong>Wy\u015bcig Paddleboardowy:<\/strong><br \/>a. Wy\u015bcig na deskach SUP, gdzie dru\u017cyny lub uczestnicy rywalizuj\u0105 ze sob\u0105 na trasie wyznaczonej na wodzie.<br \/>b. Wymaga umiej\u0119tno\u015bci r\u00f3wnowagi, wsp\u00f3\u0142pracy i komunikacji, zw\u0142aszcza je\u015bli zawodnicy musz\u0105 razem pokonywa\u0107 przeszkody na trasie.<\/li><li><strong>SUP Yoga:<\/strong><br \/>a. Zorganizuj sesj\u0119 jogi na deskach SUP.<br \/>b. Wymaga wsp\u00f3\u0142pracy w grupie w utrzymaniu r\u00f3wnowagi i synchronizacji podczas wykonywania pozycji jogi na wodzie.<\/li><li><strong>Wsp\u00f3lne P\u0142ywanie na SUP:<\/strong><br \/>a. Umo\u017cliwienie dru\u017cynom lub uczestnikom p\u0142ywania na deskach SUP w grupach.<br \/>b. Wymaga wsp\u00f3\u0142pracy w r\u00f3wnoczesnym utrzymaniu r\u00f3wnowagi i poruszaniu si\u0119 na wodzie.<\/li><li><strong>SUP Polo:<\/strong><br \/>a. Gra w polo na deskach SUP, w kt\u00f3rej uczestnicy staraj\u0105 si\u0119 strzela\u0107 pi\u0142k\u0119 do bramki przeciwnika.<br \/>b. Wymaga wsp\u00f3\u0142pracy w zespo\u0142ach, strategii i komunikacji w czasie rzeczywistym.<\/li><li><strong>Wy\u015bcigi Weso\u0142ych Paddleboard\u00f3w:<\/strong><br \/>a. Organizacja zabawnych wy\u015bcig\u00f3w lub konkurs\u00f3w na specjalnie zaprojektowanych, kolorowych paddleboardach.<br \/>b. Wymaga wsp\u00f3\u0142pracy w pokonywaniu trudno\u015bci i rywalizacji w przyjaznej atmosferze.<\/li><li><strong>Trening SUP Fitness:<\/strong><br \/>a. Sesje treningowe na deskach SUP, kt\u00f3re \u0142\u0105cz\u0105 elementy fitnessu i p\u0142ywania.<br \/>b. Wymaga wsp\u00f3\u0142pracy w trakcie wykonywania \u0107wicze\u0144 na ruchomych deskach.<\/li><\/ol>\t\t\t\t\t\t<\/div>\n\t\t\t\t<\/div>\n\t\t\t\t<\/div>\n\t\t\t\t\t<\/div>\n\t\t\t\t<\/div>\n\t\t<div class=\"elementor-element elementor-element-1fd82d96 e-flex e-con-boxed e-con e-parent\" data-id=\"1fd82d96\" data-element_type=\"container\" data-settings=\"{&quot;background_background&quot;:&quot;classic&quot;}\">\n\t\t\t\t\t<div class=\"e-con-inner\">\n\t\t<div class=\"elementor-element elementor-element-32d46a38 e-con-full e-flex elementor-invisible e-con e-child\" data-id=\"32d46a38\" data-element_type=\"container\" data-settings=\"{&quot;animation&quot;:&quot;fadeInUp&quot;}\">\n\t\t\t\t<div class=\"elementor-element elementor-element-4d8f248b elementor-widget elementor-widget-heading\" data-id=\"4d8f248b\" data-element_type=\"widget\" data-widget_type=\"heading.default\">\n\t\t\t\t<div class=\"elementor-widget-container\">\n\t\t\t<h2 class=\"elementor-heading-title elementor-size-default\">Turnieje w R\u00f3\u017cnych Dyscyplinach Sportowych Wodnych:<\/h2>\t\t<\/div>\n\t\t\t\t<\/div>\n\t\t\t\t<div class=\"elementor-element elementor-element-143615b3 elementor-widget elementor-widget-text-editor\" data-id=\"143615b3\" data-element_type=\"widget\" data-widget_type=\"text-editor.default\">\n\t\t\t\t<div class=\"elementor-widget-container\">\n\t\t\t\t\t\t\t<ol><li><strong>Beach Volley:<\/strong><br \/>a. Turniej siatk\u00f3wki pla\u017cowej na specjalnie przygotowanej pla\u017cy na l\u0105dzie lub na p\u0142ywaj\u0105cej platformie.<br \/>b. Wymaga szybkiej komunikacji i wsp\u00f3\u0142pracy mi\u0119dzy cz\u0142onkami dru\u017cyn.<\/li><li><strong>Wodne Biegi Prze\u0142ajowe:<\/strong><br \/>a. Trasa biegowa na wodzie, gdzie dru\u017cyny musz\u0105 pokonywa\u0107 przeszkody.<br \/>b. Wymaga koordynacji i wzajemnej pomocy w pokonywaniu trudno\u015bci.<\/li><li><strong>Synchronizowane P\u0142ywanie:<\/strong><br \/>a. Konkurs na najbardziej synchronizowany uk\u0142ad p\u0142ywacki.<br \/>b. Uczestnicy musz\u0105 pracowa\u0107 razem, aby stworzy\u0107 harmonijne i efektowne uk\u0142ady.<\/li><\/ol>\t\t\t\t\t\t<\/div>\n\t\t\t\t<\/div>\n\t\t\t\t<\/div>\n\t\t<div class=\"elementor-element elementor-element-50d6f3ba e-con-full e-flex elementor-invisible e-con e-child\" data-id=\"50d6f3ba\" data-element_type=\"container\" data-settings=\"{&quot;animation&quot;:&quot;fadeInUp&quot;,&quot;animation_delay&quot;:100}\">\n\t\t\t\t<div class=\"elementor-element elementor-element-209419f5 elementor-widget elementor-widget-image\" data-id=\"209419f5\" data-element_type=\"widget\" data-widget_type=\"image.default\">\n\t\t\t\t<div class=\"elementor-widget-container\">\n\t\t\t\t\t\t\t\t\t\t\t\t\t<img loading=\"lazy\" decoding=\"async\" width=\"640\" height=\"723\" src=\"https:\/\/shamrock-yachts.pl\/wp-content\/uploads\/2023\/12\/volley.jpg\" class=\"attachment-full size-full wp-image-830\" alt=\"\" srcset=\"https:\/\/shamrock-yachts.pl\/wp-content\/uploads\/2023\/12\/volley.jpg 640w, https:\/\/shamrock-yachts.pl\/wp-content\/uploads\/2023\/12\/volley-600x678.jpg 600w, https:\/\/shamrock-yachts.pl\/wp-content\/uploads\/2023\/12\/volley-266x300.jpg 266w\" sizes=\"(max-width: 640px) 100vw, 640px\" \/>\t\t\t\t\t\t\t\t\t\t\t\t\t<\/div>\n\t\t\t\t<\/div>\n\t\t\t\t<\/div>\n\t\t\t\t\t<\/div>\n\t\t\t\t<\/div>\n\t\t<div class=\"elementor-element elementor-element-3e1e1eb e-flex e-con-boxed e-con e-parent\" data-id=\"3e1e1eb\" data-element_type=\"container\">\n\t\t\t\t\t<div class=\"e-con-inner\">\n\t\t<div class=\"elementor-element elementor-element-d0da3ff e-con-full e-flex elementor-invisible e-con e-child\" data-id=\"d0da3ff\" data-element_type=\"container\" data-settings=\"{&quot;animation&quot;:&quot;fadeInUp&quot;,&quot;animation_delay&quot;:100}\">\n\t\t\t\t<div class=\"elementor-element elementor-element-bf4ac87 elementor-widget elementor-widget-heading\" data-id=\"bf4ac87\" data-element_type=\"widget\" data-widget_type=\"heading.default\">\n\t\t\t\t<div class=\"elementor-widget-container\">\n\t\t\t<h2 class=\"elementor-heading-title elementor-size-default\">Quizy Tematyczne:<\/h2>\t\t<\/div>\n\t\t\t\t<\/div>\n\t\t\t\t<div class=\"elementor-element elementor-element-ec65130 elementor-widget elementor-widget-text-editor\" data-id=\"ec65130\" data-element_type=\"widget\" data-widget_type=\"text-editor.default\">\n\t\t\t\t<div class=\"elementor-widget-container\">\n\t\t\t\t\t\t\t<p><strong>Quiz \u017beglarski:<\/strong><br \/>a. Pytania zwi\u0105zane z jeziorami, \u017ceglug\u0105, histori\u0105 \u017ceglugi itp.<br \/>b. Dru\u017cyny wsp\u00f3\u0142pracuj\u0105, aby udziela\u0107 poprawnych odpowiedzi.<\/p><p>\u00a0<\/p><p><strong>Quiz Muzyczny:<\/strong><br \/>a. Pytania zwi\u0105zane z muzyk\u0105 \u017ceglarska lub popularnymi utworami.<br \/>b. Wymaga wsp\u00f3\u0142pracy w dru\u017cynie, aby rozpozna\u0107 utwory i odpowiedzie\u0107 na pytania.<\/p><p>\u00a0<\/p><p><strong>Zagadki \u017beglarskie:<\/strong><br \/>a. Zadania logiczne i zagadki zwi\u0105zane z \u017ceglug\u0105.<br \/>b. Dru\u017cyny musz\u0105 wsp\u00f3lnie rozwi\u0105zywa\u0107 zagadki, aby przej\u015b\u0107 do kolejnych etap\u00f3w.<\/p>\t\t\t\t\t\t<\/div>\n\t\t\t\t<\/div>\n\t\t\t\t<div class=\"elementor-element elementor-element-41cb08c elementor-widget-divider--view-line elementor-widget elementor-widget-divider\" data-id=\"41cb08c\" data-element_type=\"widget\" data-widget_type=\"divider.default\">\n\t\t\t\t<div class=\"elementor-widget-container\">\n\t\t\t\t\t<div class=\"elementor-divider\">\n\t\t\t<span class=\"elementor-divider-separator\">\n\t\t\t\t\t\t<\/span>\n\t\t<\/div>\n\t\t\t\t<\/div>\n\t\t\t\t<\/div>\n\t\t\t\t<\/div>\n\t\t\t\t\t<\/div>\n\t\t\t\t<\/div>\n\t\t<div class=\"elementor-element elementor-element-5984a47b e-flex e-con-boxed elementor-invisible e-con e-parent\" data-id=\"5984a47b\" data-element_type=\"container\" data-settings=\"{&quot;animation&quot;:&quot;fadeInUp&quot;}\">\n\t\t\t\t\t<div class=\"e-con-inner\">\n\t\t\t\t<div class=\"elementor-element elementor-element-25e6a076 elementor-widget elementor-widget-heading\" data-id=\"25e6a076\" data-element_type=\"widget\" data-widget_type=\"heading.default\">\n\t\t\t\t<div class=\"elementor-widget-container\">\n\t\t\t<h2 class=\"elementor-heading-title elementor-size-default\">Zapisy i pytania:<\/h2>\t\t<\/div>\n\t\t\t\t<\/div>\n\t\t\t\t<div class=\"elementor-element elementor-element-6c73847a elementor-widget elementor-widget-text-editor\" data-id=\"6c73847a\" data-element_type=\"widget\" data-widget_type=\"text-editor.default\">\n\t\t\t\t<div class=\"elementor-widget-container\">\n\t\t\t\t\t\t\t<p><strong><span style=\"color: #061138;\">E-mail:<\/span> <span style=\"color: #e7b45f;\">shamrockyachts@gmail.com<\/span><\/strong><\/p><p><strong><span style=\"color: #061138;\">Tel:<\/span> <span style=\"color: #e7b45f;\">510 513 3 10<\/span><\/strong><\/p>\t\t\t\t\t\t<\/div>\n\t\t\t\t<\/div>\n\t\t\t\t\t<\/div>\n\t\t\t\t<\/div>\n\t\t<div class=\"elementor-element elementor-element-5522d506 e-flex e-con-boxed e-con e-parent\" data-id=\"5522d506\" data-element_type=\"container\">\n\t\t\t\t\t<div class=\"e-con-inner\">\n\t\t\t\t<div class=\"elementor-element elementor-element-2135125c elementor-widget elementor-widget-heading\" data-id=\"2135125c\" data-element_type=\"widget\" data-widget_type=\"heading.default\">\n\t\t\t\t<div class=\"elementor-widget-container\">\n\t\t\t<h2 class=\"elementor-heading-title elementor-size-default\">Formularz kontaktowy:<\/h2>\t\t<\/div>\n\t\t\t\t<\/div>\n\t\t\t\t<div class=\"elementor-element elementor-element-36096660 elementor-widget elementor-widget-shortcode\" data-id=\"36096660\" data-element_type=\"widget\" data-widget_type=\"shortcode.default\">\n\t\t\t\t<div class=\"elementor-widget-container\">\n\t\t\t\t\t<div class=\"elementor-shortcode\">\n<div class=\"wpcf7 no-js\" id=\"wpcf7-f160-o1\" lang=\"pl-PL\" dir=\"ltr\">\n<div class=\"screen-reader-response\"><p role=\"status\" aria-live=\"polite\" aria-atomic=\"true\"><\/p> <ul><\/ul><\/div>\n<form action=\"\/index.php?rest_route=%2Fwp%2Fv2%2Fpages%2F741#wpcf7-f160-o1\" method=\"post\" class=\"wpcf7-form init\" aria-label=\"Formularz kontaktowy\" novalidate=\"novalidate\" data-status=\"init\">\n<div style=\"display: none;\">\n<input type=\"hidden\" name=\"_wpcf7\" value=\"160\" \/>\n<input type=\"hidden\" name=\"_wpcf7_version\" value=\"5.9.8\" \/>\n<input type=\"hidden\" name=\"_wpcf7_locale\" value=\"pl_PL\" \/>\n<input type=\"hidden\" name=\"_wpcf7_unit_tag\" value=\"wpcf7-f160-o1\" \/>\n<input type=\"hidden\" name=\"_wpcf7_container_post\" value=\"0\" \/>\n<input type=\"hidden\" name=\"_wpcf7_posted_data_hash\" value=\"\" \/>\n<\/div>\n<div class=\"row\">\n\t<div class=\"col-lg-6\">\n\t\t<p><span class=\"wpcf7-form-control-wrap\" data-name=\"your-name\"><input size=\"40\" maxlength=\"400\" class=\"wpcf7-form-control wpcf7-text wpcf7-validates-as-required\" aria-required=\"true\" aria-invalid=\"false\" placeholder=\"Twoje imi\u0119...\" value=\"\" type=\"text\" name=\"your-name\" \/><\/span>\n\t\t<\/p>\n\t<\/div>\n\t<div class=\"col-lg-6\">\n\t\t<p><span class=\"wpcf7-form-control-wrap\" data-name=\"text-637\"><input size=\"40\" maxlength=\"400\" class=\"wpcf7-form-control wpcf7-text wpcf7-validates-as-required\" aria-required=\"true\" aria-invalid=\"false\" placeholder=\"Twoje nazwisko...\" value=\"\" type=\"text\" name=\"text-637\" \/><\/span>\n\t\t<\/p>\n\t<\/div>\n\t<div class=\"col-lg-6\">\n\t\t<p><span class=\"wpcf7-form-control-wrap\" data-name=\"your-email\"><input size=\"40\" maxlength=\"400\" class=\"wpcf7-form-control wpcf7-email wpcf7-validates-as-required wpcf7-text wpcf7-validates-as-email\" aria-required=\"true\" aria-invalid=\"false\" placeholder=\"Adres e-mail...\" value=\"\" type=\"email\" name=\"your-email\" \/><\/span>\n\t\t<\/p>\n\t<\/div>\n\t<div class=\"col-lg-6\">\n\t\t<p><span class=\"wpcf7-form-control-wrap\" data-name=\"tel-827\"><input size=\"40\" maxlength=\"9\" minlength=\"9\" class=\"wpcf7-form-control wpcf7-tel wpcf7-validates-as-required wpcf7-text wpcf7-validates-as-tel\" aria-required=\"true\" aria-invalid=\"false\" placeholder=\"Numer telefonu...\" value=\"\" type=\"tel\" name=\"tel-827\" \/><\/span>\n\t\t<\/p>\n\t<\/div>\n\t<div class=\"col-lg-12\">\n\t\t<p><span class=\"wpcf7-form-control-wrap\" data-name=\"your-message\"><textarea cols=\"40\" rows=\"10\" maxlength=\"2000\" class=\"wpcf7-form-control wpcf7-textarea wpcf7-validates-as-required\" aria-required=\"true\" aria-invalid=\"false\" placeholder=\"Tre\u015b\u0107 wiadomo\u015bci...\" name=\"your-message\"><\/textarea><\/span><br \/>\n<input class=\"wpcf7-form-control wpcf7-submit has-spinner button\" type=\"submit\" value=\"Wy\u015blij wiadomo\u015b\u0107\" \/>\n\t\t<\/p>\n\t<\/div>\n<\/div><div class=\"wpcf7-response-output\" aria-hidden=\"true\"><\/div>\n<\/form>\n<\/div>\n<\/div>\n\t\t\t\t<\/div>\n\t\t\t\t<\/div>\n\t\t\t\t\t<\/div>\n\t\t\t\t<\/div>\n\t\t\t\t<\/div>\n\t\t","protected":false},"excerpt":{"rendered":"<p>Zawody i Gry Zespo\u0142owe Zawody i Gry Zespo\u0142owe, kt\u00f3re wymagaj\u0105 wsp\u00f3\u0142pracy, komunikacji oraz zacie\u015bniania wi\u0119zi w grupie. Mo\u017cecie wybra\u0107 regaty, turnieje w r\u00f3\u017cnych dyscyplinach sportowych wodnych, czy te\u017c quizy tematyczne. Wszystko to uatrakcyjni wyjazd i pomo\u017ce dobrze si\u0119 bawi\u0107. Regaty Przygotowanie Jacht\u00f3w:a. Zadanie dru\u017cynowe polegaj\u0105ce na przygotowaniu i ustawieniu \u017cagli na \u0142odziach.b. Wymaga wsp\u00f3\u0142pracy w [&hellip;]<\/p>\n","protected":false},"author":1,"featured_media":0,"parent":7,"menu_order":0,"comment_status":"closed","ping_status":"closed","template":"","meta":{"footnotes":""},"class_list":["post-741","page","type-page","status-publish","hentry"],"_links":{"self":[{"href":"https:\/\/shamrock-yachts.pl\/index.php?rest_route=\/wp\/v2\/pages\/741"}],"collection":[{"href":"https:\/\/shamrock-yachts.pl\/index.php?rest_route=\/wp\/v2\/pages"}],"about":[{"href":"https:\/\/shamrock-yachts.pl\/index.php?rest_route=\/wp\/v2\/types\/page"}],"author":[{"embeddable":true,"href":"https:\/\/shamrock-yachts.pl\/index.php?rest_route=\/wp\/v2\/users\/1"}],"replies":[{"embeddable":true,"href":"https:\/\/shamrock-yachts.pl\/index.php?rest_route=%2Fwp%2Fv2%2Fcomments&post=741"}],"version-history":[{"count":34,"href":"https:\/\/shamrock-yachts.pl\/index.php?rest_route=\/wp\/v2\/pages\/741\/revisions"}],"predecessor-version":[{"id":1108,"href":"https:\/\/shamrock-yachts.pl\/index.php?rest_route=\/wp\/v2\/pages\/741\/revisions\/1108"}],"up":[{"embeddable":true,"href":"https:\/\/shamrock-yachts.pl\/index.php?rest_route=\/wp\/v2\/pages\/7"}],"wp:attachment":[{"href":"https:\/\/shamrock-yachts.pl\/index.php?rest_route=%2Fwp%2Fv2%2Fmedia&parent=741"}],"curies":[{"name":"wp","href":"https:\/\/api.w.org\/{rel}","templated":true}]}}