

{"id":751,"date":"2023-12-20T09:25:35","date_gmt":"2023-12-20T09:25:35","guid":{"rendered":"https:\/\/shamrock-yachts.pl\/?page_id=751"},"modified":"2023-12-22T09:25:31","modified_gmt":"2023-12-22T09:25:31","slug":"zarzadzenie-zespolem","status":"publish","type":"page","link":"https:\/\/shamrock-yachts.pl\/?page_id=751","title":{"rendered":"Zarz\u0105dzenie zespo\u0142em"},"content":{"rendered":"\t\t<div data-elementor-type=\"wp-page\" data-elementor-id=\"751\" class=\"elementor elementor-751\" data-elementor-post-type=\"page\">\n\t\t\t\t<div class=\"elementor-element elementor-element-6f9b5a1b e-con-full e-flex e-con e-parent\" data-id=\"6f9b5a1b\" data-element_type=\"container\" data-settings=\"{&quot;background_background&quot;:&quot;classic&quot;}\">\n\t\t\t\t<div class=\"elementor-element elementor-element-37823e2b elementor-widget elementor-widget-heading\" data-id=\"37823e2b\" data-element_type=\"widget\" data-widget_type=\"heading.default\">\n\t\t\t\t<div class=\"elementor-widget-container\">\n\t\t\t<h1 class=\"elementor-heading-title elementor-size-default\">Zarz\u0105dzanie zespo\u0142em<\/h1>\t\t<\/div>\n\t\t\t\t<\/div>\n\t\t\t\t<\/div>\n\t\t<div class=\"elementor-element elementor-element-634a84a4 e-flex e-con-boxed elementor-invisible e-con e-parent\" data-id=\"634a84a4\" data-element_type=\"container\" data-settings=\"{&quot;background_background&quot;:&quot;classic&quot;,&quot;animation&quot;:&quot;fadeInUp&quot;}\">\n\t\t\t\t\t<div class=\"e-con-inner\">\n\t\t\t\t<div class=\"elementor-element elementor-element-489d0676 elementor-widget elementor-widget-heading\" data-id=\"489d0676\" data-element_type=\"widget\" data-widget_type=\"heading.default\">\n\t\t\t\t<div class=\"elementor-widget-container\">\n\t\t\t<h2 class=\"elementor-heading-title elementor-size-default\">Zarz\u0105dzanie zespo\u0142em na jachcie doskonale pokazuje cechy przyw\u00f3dcze jak delegowanie zada\u0144 czy radzenie sobie w trudnych sytuacjach. To niesamowita okazja poznania swoich mocnych i s\u0142abych stron w nowym \u015brodowisku pod \u017caglami.<\/h2>\t\t<\/div>\n\t\t\t\t<\/div>\n\t\t\t\t\t<\/div>\n\t\t\t\t<\/div>\n\t\t<div class=\"elementor-element elementor-element-56a7c261 e-flex e-con-boxed e-con e-parent\" data-id=\"56a7c261\" data-element_type=\"container\">\n\t\t\t\t\t<div class=\"e-con-inner\">\n\t\t<div class=\"elementor-element elementor-element-4d18641a e-con-full e-flex elementor-invisible e-con e-child\" data-id=\"4d18641a\" data-element_type=\"container\" data-settings=\"{&quot;animation&quot;:&quot;fadeInUp&quot;}\">\n\t\t\t\t<div class=\"elementor-element elementor-element-6ce97ccc elementor-widget elementor-widget-heading\" data-id=\"6ce97ccc\" data-element_type=\"widget\" data-widget_type=\"heading.default\">\n\t\t\t\t<div class=\"elementor-widget-container\">\n\t\t\t<h2 class=\"elementor-heading-title elementor-size-default\">Zarz\u0105dzanie Zespo\u0142em na Jachcie:<\/h2>\t\t<\/div>\n\t\t\t\t<\/div>\n\t\t\t\t<div class=\"elementor-element elementor-element-2667c1d5 elementor-widget elementor-widget-text-editor\" data-id=\"2667c1d5\" data-element_type=\"widget\" data-widget_type=\"text-editor.default\">\n\t\t\t\t<div class=\"elementor-widget-container\">\n\t\t\t\t\t\t\t<ol><li><strong>Delegowanie Zada\u0144 i Rozwi\u0105zywanie Konflikt\u00f3w:<\/strong><br \/>&#8211; Przeprowadzenie odprawy \u017ceglarskiej, aby ustali\u0107 konkretne role i obowi\u0105zki dla ka\u017cdego cz\u0142onka zespo\u0142u na pok\u0142adzie.<br \/>&#8211; Delegowanie zada\u0144 w zale\u017cno\u015bci od umiej\u0119tno\u015bci i do\u015bwiadczenia cz\u0142onk\u00f3w zespo\u0142u, aby efektywnie wykorzysta\u0107 ich potencja\u0142<br \/>&#8211; Doskonalenie umiej\u0119tno\u015bci zarz\u0105dzania czasem, aby utrzyma\u0107 harmonogram rejsu i spe\u0142nia\u0107 wyznaczone cele.<br \/>&#8211; Nacisk na klarown\u0105 i efektywn\u0105 komunikacj\u0119, zar\u00f3wno w trakcie \u017ceglugi, jak i podczas codziennych dzia\u0142a\u0144 na jachcie.<br \/>&#8211; Praktyczne sposoby na efektywne i kreatywne rozwi\u0105zywanie konflikt\u00f3w, aby utrzyma\u0107 harmoni\u0119 w zespole nawet w trudnych sytuacjach.<br \/>&#8211; Przydzia\u0142 odpowiedzialno\u015bci dla ka\u017cdego cz\u0142onka zespo\u0142u za bezpiecze\u0144stwo na pok\u0142adzie.<\/li><li><strong>Szkolenia, Rozw\u00f3j i Motywacja:<\/strong><br \/>&#8211; Kr\u00f3tkie szkolenia lub warsztaty na temat umiej\u0119tno\u015bci \u017ceglarskich, aby zespo\u0142owi pom\u00f3c w doskonaleniu si\u0119 w nowym \u015brodowisku.<br \/>&#8211; Wskaz\u00f3wki \u017ar\u00f3de\u0142 motywacji dla zespo\u0142u, zw\u0142aszcza w trudnych warunkach pogodowych czy podczas wyzwa\u0144 podczas \u017ceglugi.<br \/>&#8211; Oceny post\u0119p\u00f3w, dzielenie si\u0119 sukcesami i omawianie kwestie, kt\u00f3re mo\u017cna rozwin\u0105\u0107.<br \/>&#8211; Organizacja wsp\u00f3lnych aktywno\u015bci i celebrowanie osi\u0105gni\u0119<br \/>, aby wzmocni\u0107 ducha zespo\u0142owego i integracj\u0119.<br \/>&#8211; Po zako\u0144czeniu rejsu, przeprowadzimy analiz\u0119, aby zidentyfikowa\u0107 punkty silne i obszary do poprawy, zar\u00f3wno indywidualne, jak i zespo\u0142owe.<\/li><\/ol>\t\t\t\t\t\t<\/div>\n\t\t\t\t<\/div>\n\t\t\t\t<\/div>\n\t\t<div class=\"elementor-element elementor-element-69db1a78 e-con-full e-flex elementor-invisible e-con e-child\" data-id=\"69db1a78\" data-element_type=\"container\" data-settings=\"{&quot;animation&quot;:&quot;fadeInUp&quot;,&quot;animation_delay&quot;:100}\">\n\t\t\t\t<div class=\"elementor-element elementor-element-1159d506 elementor-widget elementor-widget-image\" data-id=\"1159d506\" data-element_type=\"widget\" data-widget_type=\"image.default\">\n\t\t\t\t<div class=\"elementor-widget-container\">\n\t\t\t\t\t\t\t\t\t\t\t\t\t<img fetchpriority=\"high\" decoding=\"async\" width=\"1206\" height=\"790\" src=\"https:\/\/shamrock-yachts.pl\/wp-content\/uploads\/2023\/12\/capitan3.jpg\" class=\"attachment-full size-full wp-image-1136\" alt=\"\" srcset=\"https:\/\/shamrock-yachts.pl\/wp-content\/uploads\/2023\/12\/capitan3.jpg 1206w, https:\/\/shamrock-yachts.pl\/wp-content\/uploads\/2023\/12\/capitan3-600x393.jpg 600w, https:\/\/shamrock-yachts.pl\/wp-content\/uploads\/2023\/12\/capitan3-300x197.jpg 300w, https:\/\/shamrock-yachts.pl\/wp-content\/uploads\/2023\/12\/capitan3-1024x671.jpg 1024w, https:\/\/shamrock-yachts.pl\/wp-content\/uploads\/2023\/12\/capitan3-768x503.jpg 768w\" sizes=\"(max-width: 1206px) 100vw, 1206px\" \/>\t\t\t\t\t\t\t\t\t\t\t\t\t<\/div>\n\t\t\t\t<\/div>\n\t\t\t\t<\/div>\n\t\t\t\t\t<\/div>\n\t\t\t\t<\/div>\n\t\t<div class=\"elementor-element elementor-element-24d5ea66 e-con-full e-flex elementor-invisible e-con e-parent\" data-id=\"24d5ea66\" data-element_type=\"container\" data-settings=\"{&quot;animation&quot;:&quot;fadeInUp&quot;}\">\n\t\t\t\t<div class=\"elementor-element elementor-element-17d0d9c8 elementor-widget elementor-widget-image\" data-id=\"17d0d9c8\" data-element_type=\"widget\" data-widget_type=\"image.default\">\n\t\t\t\t<div class=\"elementor-widget-container\">\n\t\t\t\t\t\t\t\t\t\t\t\t\t<img decoding=\"async\" width=\"2000\" height=\"932\" src=\"https:\/\/shamrock-yachts.pl\/wp-content\/uploads\/2023\/12\/ujecie-z-gory-zaglowki.jpg\" class=\"attachment-full size-full wp-image-479\" alt=\"\" srcset=\"https:\/\/shamrock-yachts.pl\/wp-content\/uploads\/2023\/12\/ujecie-z-gory-zaglowki.jpg 2000w, https:\/\/shamrock-yachts.pl\/wp-content\/uploads\/2023\/12\/ujecie-z-gory-zaglowki-600x280.jpg 600w, https:\/\/shamrock-yachts.pl\/wp-content\/uploads\/2023\/12\/ujecie-z-gory-zaglowki-300x140.jpg 300w, https:\/\/shamrock-yachts.pl\/wp-content\/uploads\/2023\/12\/ujecie-z-gory-zaglowki-1024x477.jpg 1024w, https:\/\/shamrock-yachts.pl\/wp-content\/uploads\/2023\/12\/ujecie-z-gory-zaglowki-768x358.jpg 768w, https:\/\/shamrock-yachts.pl\/wp-content\/uploads\/2023\/12\/ujecie-z-gory-zaglowki-1536x716.jpg 1536w\" sizes=\"(max-width: 2000px) 100vw, 2000px\" \/>\t\t\t\t\t\t\t\t\t\t\t\t\t<\/div>\n\t\t\t\t<\/div>\n\t\t\t\t<\/div>\n\t\t<div class=\"elementor-element elementor-element-76ca82f9 e-flex e-con-boxed elementor-invisible e-con e-parent\" data-id=\"76ca82f9\" data-element_type=\"container\" data-settings=\"{&quot;animation&quot;:&quot;fadeInUp&quot;}\">\n\t\t\t\t\t<div class=\"e-con-inner\">\n\t\t\t\t<div class=\"elementor-element elementor-element-4c501e95 elementor-widget elementor-widget-heading\" data-id=\"4c501e95\" data-element_type=\"widget\" data-widget_type=\"heading.default\">\n\t\t\t\t<div class=\"elementor-widget-container\">\n\t\t\t<h2 class=\"elementor-heading-title elementor-size-default\">Zapisy i pytania:<\/h2>\t\t<\/div>\n\t\t\t\t<\/div>\n\t\t\t\t<div class=\"elementor-element elementor-element-588280cc elementor-widget elementor-widget-text-editor\" data-id=\"588280cc\" data-element_type=\"widget\" data-widget_type=\"text-editor.default\">\n\t\t\t\t<div class=\"elementor-widget-container\">\n\t\t\t\t\t\t\t<p><strong><span style=\"color: #061138;\">E-mail:<\/span> <span style=\"color: #e7b45f;\">shamrockyachts@gmail.com<\/span><\/strong><\/p><p><strong><span style=\"color: #061138;\">Tel:<\/span> <span style=\"color: #e7b45f;\">510 513 3 10<\/span><\/strong><\/p>\t\t\t\t\t\t<\/div>\n\t\t\t\t<\/div>\n\t\t\t\t\t<\/div>\n\t\t\t\t<\/div>\n\t\t<div class=\"elementor-element elementor-element-602d68f8 e-flex e-con-boxed e-con e-parent\" data-id=\"602d68f8\" data-element_type=\"container\">\n\t\t\t\t\t<div class=\"e-con-inner\">\n\t\t\t\t<div class=\"elementor-element elementor-element-8526618 elementor-widget elementor-widget-heading\" data-id=\"8526618\" data-element_type=\"widget\" data-widget_type=\"heading.default\">\n\t\t\t\t<div class=\"elementor-widget-container\">\n\t\t\t<h2 class=\"elementor-heading-title elementor-size-default\">Formularz kontaktowy:<\/h2>\t\t<\/div>\n\t\t\t\t<\/div>\n\t\t\t\t<div class=\"elementor-element elementor-element-13adf8cf elementor-widget elementor-widget-shortcode\" data-id=\"13adf8cf\" data-element_type=\"widget\" data-widget_type=\"shortcode.default\">\n\t\t\t\t<div class=\"elementor-widget-container\">\n\t\t\t\t\t<div class=\"elementor-shortcode\">\n<div class=\"wpcf7 no-js\" id=\"wpcf7-f160-o1\" lang=\"pl-PL\" dir=\"ltr\">\n<div class=\"screen-reader-response\"><p role=\"status\" aria-live=\"polite\" aria-atomic=\"true\"><\/p> <ul><\/ul><\/div>\n<form action=\"\/index.php?rest_route=%2Fwp%2Fv2%2Fpages%2F751#wpcf7-f160-o1\" method=\"post\" class=\"wpcf7-form init\" aria-label=\"Formularz kontaktowy\" novalidate=\"novalidate\" data-status=\"init\">\n<div style=\"display: none;\">\n<input type=\"hidden\" name=\"_wpcf7\" value=\"160\" \/>\n<input type=\"hidden\" name=\"_wpcf7_version\" value=\"5.9.8\" \/>\n<input type=\"hidden\" name=\"_wpcf7_locale\" value=\"pl_PL\" \/>\n<input type=\"hidden\" name=\"_wpcf7_unit_tag\" value=\"wpcf7-f160-o1\" \/>\n<input type=\"hidden\" name=\"_wpcf7_container_post\" value=\"0\" \/>\n<input type=\"hidden\" name=\"_wpcf7_posted_data_hash\" value=\"\" \/>\n<\/div>\n<div class=\"row\">\n\t<div class=\"col-lg-6\">\n\t\t<p><span class=\"wpcf7-form-control-wrap\" data-name=\"your-name\"><input size=\"40\" maxlength=\"400\" class=\"wpcf7-form-control wpcf7-text wpcf7-validates-as-required\" aria-required=\"true\" aria-invalid=\"false\" placeholder=\"Twoje imi\u0119...\" value=\"\" type=\"text\" name=\"your-name\" \/><\/span>\n\t\t<\/p>\n\t<\/div>\n\t<div class=\"col-lg-6\">\n\t\t<p><span class=\"wpcf7-form-control-wrap\" data-name=\"text-637\"><input size=\"40\" maxlength=\"400\" class=\"wpcf7-form-control wpcf7-text wpcf7-validates-as-required\" aria-required=\"true\" aria-invalid=\"false\" placeholder=\"Twoje nazwisko...\" value=\"\" type=\"text\" name=\"text-637\" \/><\/span>\n\t\t<\/p>\n\t<\/div>\n\t<div class=\"col-lg-6\">\n\t\t<p><span class=\"wpcf7-form-control-wrap\" data-name=\"your-email\"><input size=\"40\" maxlength=\"400\" class=\"wpcf7-form-control wpcf7-email wpcf7-validates-as-required wpcf7-text wpcf7-validates-as-email\" aria-required=\"true\" aria-invalid=\"false\" placeholder=\"Adres e-mail...\" value=\"\" type=\"email\" name=\"your-email\" \/><\/span>\n\t\t<\/p>\n\t<\/div>\n\t<div class=\"col-lg-6\">\n\t\t<p><span class=\"wpcf7-form-control-wrap\" data-name=\"tel-827\"><input size=\"40\" maxlength=\"9\" minlength=\"9\" class=\"wpcf7-form-control wpcf7-tel wpcf7-validates-as-required wpcf7-text wpcf7-validates-as-tel\" aria-required=\"true\" aria-invalid=\"false\" placeholder=\"Numer telefonu...\" value=\"\" type=\"tel\" name=\"tel-827\" \/><\/span>\n\t\t<\/p>\n\t<\/div>\n\t<div class=\"col-lg-12\">\n\t\t<p><span class=\"wpcf7-form-control-wrap\" data-name=\"your-message\"><textarea cols=\"40\" rows=\"10\" maxlength=\"2000\" class=\"wpcf7-form-control wpcf7-textarea wpcf7-validates-as-required\" aria-required=\"true\" aria-invalid=\"false\" placeholder=\"Tre\u015b\u0107 wiadomo\u015bci...\" name=\"your-message\"><\/textarea><\/span><br \/>\n<input class=\"wpcf7-form-control wpcf7-submit has-spinner button\" type=\"submit\" value=\"Wy\u015blij wiadomo\u015b\u0107\" \/>\n\t\t<\/p>\n\t<\/div>\n<\/div><div class=\"wpcf7-response-output\" aria-hidden=\"true\"><\/div>\n<\/form>\n<\/div>\n<\/div>\n\t\t\t\t<\/div>\n\t\t\t\t<\/div>\n\t\t\t\t\t<\/div>\n\t\t\t\t<\/div>\n\t\t\t\t<\/div>\n\t\t","protected":false},"excerpt":{"rendered":"<p>Zarz\u0105dzanie zespo\u0142em Zarz\u0105dzanie zespo\u0142em na jachcie doskonale pokazuje cechy przyw\u00f3dcze jak delegowanie zada\u0144 czy radzenie sobie w trudnych sytuacjach. To niesamowita okazja poznania swoich mocnych i s\u0142abych stron w nowym \u015brodowisku pod \u017caglami. Zarz\u0105dzanie Zespo\u0142em na Jachcie: Delegowanie Zada\u0144 i Rozwi\u0105zywanie Konflikt\u00f3w:&#8211; Przeprowadzenie odprawy \u017ceglarskiej, aby ustali\u0107 konkretne role i obowi\u0105zki dla ka\u017cdego cz\u0142onka zespo\u0142u [&hellip;]<\/p>\n","protected":false},"author":1,"featured_media":0,"parent":7,"menu_order":0,"comment_status":"closed","ping_status":"closed","template":"","meta":{"footnotes":""},"class_list":["post-751","page","type-page","status-publish","hentry"],"_links":{"self":[{"href":"https:\/\/shamrock-yachts.pl\/index.php?rest_route=\/wp\/v2\/pages\/751"}],"collection":[{"href":"https:\/\/shamrock-yachts.pl\/index.php?rest_route=\/wp\/v2\/pages"}],"about":[{"href":"https:\/\/shamrock-yachts.pl\/index.php?rest_route=\/wp\/v2\/types\/page"}],"author":[{"embeddable":true,"href":"https:\/\/shamrock-yachts.pl\/index.php?rest_route=\/wp\/v2\/users\/1"}],"replies":[{"embeddable":true,"href":"https:\/\/shamrock-yachts.pl\/index.php?rest_route=%2Fwp%2Fv2%2Fcomments&post=751"}],"version-history":[{"count":10,"href":"https:\/\/shamrock-yachts.pl\/index.php?rest_route=\/wp\/v2\/pages\/751\/revisions"}],"predecessor-version":[{"id":1142,"href":"https:\/\/shamrock-yachts.pl\/index.php?rest_route=\/wp\/v2\/pages\/751\/revisions\/1142"}],"up":[{"embeddable":true,"href":"https:\/\/shamrock-yachts.pl\/index.php?rest_route=\/wp\/v2\/pages\/7"}],"wp:attachment":[{"href":"https:\/\/shamrock-yachts.pl\/index.php?rest_route=%2Fwp%2Fv2%2Fmedia&parent=751"}],"curies":[{"name":"wp","href":"https:\/\/api.w.org\/{rel}","templated":true}]}}